{"id":57,"date":"2025-01-22T21:00:00","date_gmt":"2025-01-22T21:00:00","guid":{"rendered":"http:\/\/192.168.1.150:8080\/?page_id=57"},"modified":"2026-02-28T17:36:12","modified_gmt":"2026-02-28T23:36:12","slug":"ministerios-2","status":"publish","type":"page","link":"https:\/\/icbpalabradevida.org\/?page_id=57","title":{"rendered":"Ministerios"},"content":{"rendered":"\n<div class=\"wp-block-buttons is-layout-flex wp-block-buttons-is-layout-flex\">\n<div class=\"wp-block-button has-custom-width wp-block-button__width-100 is-style-outline is-style-outline--1\"><a class=\"wp-block-button__link has-white-color has-pale-ocean-gradient-background has-text-color has-background has-link-color wp-element-button\"><strong>Adoraci\u00f3n<\/strong><\/a><\/div>\n<\/div>\n\n\n<div class=\"wp-block-image is-style-rounded\">\n<figure class=\"aligncenter size-large is-resized\"><img loading=\"lazy\" decoding=\"async\" width=\"1024\" height=\"683\" src=\"https:\/\/icbpalabradevida.org\/wp-content\/uploads\/2025\/01\/alabanza-1024x683.jpg\" alt=\"\" class=\"wp-image-220\" style=\"width:445px;height:auto\" srcset=\"https:\/\/icbpalabradevida.org\/wp-content\/uploads\/2025\/01\/alabanza-1024x683.jpg 1024w, https:\/\/icbpalabradevida.org\/wp-content\/uploads\/2025\/01\/alabanza-300x200.jpg 300w, https:\/\/icbpalabradevida.org\/wp-content\/uploads\/2025\/01\/alabanza-768x512.jpg 768w, https:\/\/icbpalabradevida.org\/wp-content\/uploads\/2025\/01\/alabanza-1536x1024.jpg 1536w, https:\/\/icbpalabradevida.org\/wp-content\/uploads\/2025\/01\/alabanza.jpg 1620w\" sizes=\"auto, (max-width: 1024px) 100vw, 1024px\" \/><\/figure>\n<\/div>\n\n\n<p>Somos una iglesia que adora al Se\u00f1or en esp\u00edritu y verdad, animamos a vivir en adoraci\u00f3n al Se\u00f1or en todas las \u00e1reas de nuestras vidas.<\/p>\n\n\n\n<div style=\"height:50px\" aria-hidden=\"true\" class=\"wp-block-spacer\"><\/div>\n\n\n\n<div class=\"wp-block-buttons is-layout-flex wp-block-buttons-is-layout-flex\">\n<div class=\"wp-block-button has-custom-width wp-block-button__width-100\"><a class=\"wp-block-button__link has-white-color has-pale-ocean-gradient-background has-text-color has-background has-link-color wp-element-button\"><strong>Ministerio de Educaci\u00f3n<\/strong><\/a><\/div>\n<\/div>\n\n\n\n<p>&nbsp;<\/p>\n\n\n<div class=\"wp-block-image is-style-rounded\">\n<figure class=\"aligncenter size-large is-resized\"><img loading=\"lazy\" decoding=\"async\" width=\"1024\" height=\"682\" src=\"https:\/\/icbpalabradevida.org\/wp-content\/uploads\/2026\/02\/WhatsApp-Image-2026-02-28-at-1.33.52-PM-1024x682.jpeg\" alt=\"\" class=\"wp-image-519\" style=\"aspect-ratio:1.5015030714939224;width:620px;height:auto\" srcset=\"https:\/\/icbpalabradevida.org\/wp-content\/uploads\/2026\/02\/WhatsApp-Image-2026-02-28-at-1.33.52-PM-1024x682.jpeg 1024w, https:\/\/icbpalabradevida.org\/wp-content\/uploads\/2026\/02\/WhatsApp-Image-2026-02-28-at-1.33.52-PM-300x200.jpeg 300w, https:\/\/icbpalabradevida.org\/wp-content\/uploads\/2026\/02\/WhatsApp-Image-2026-02-28-at-1.33.52-PM-768x512.jpeg 768w, https:\/\/icbpalabradevida.org\/wp-content\/uploads\/2026\/02\/WhatsApp-Image-2026-02-28-at-1.33.52-PM.jpeg 1280w\" sizes=\"auto, (max-width: 1024px) 100vw, 1024px\" \/><\/figure>\n<\/div>\n\n\n<p>El Se\u00f1or nos ha permitido tener un gran tiempo para ense\u00f1ar su palabra, los domingos a las 11:00am tenemos el momento para discipular.<\/p>\n\n\n\n<div style=\"height:51px\" aria-hidden=\"true\" class=\"wp-block-spacer\"><\/div>\n\n\n\n<div class=\"wp-block-buttons is-horizontal is-layout-flex wp-block-buttons-is-layout-flex\">\n<div class=\"wp-block-button has-custom-width wp-block-button__width-100 is-style-fill\"><a class=\"wp-block-button__link has-white-color has-pale-ocean-gradient-background has-text-color has-background has-link-color wp-element-button\"><strong>Ministerio en Casas o C\u00e9lulas<\/strong><\/a><\/div>\n<\/div>\n\n\n\n<p>El Se\u00f1or ha tocado corazones para que algunas familias abran sus hogares ah\u00ed se comparte el evangelio, hay amistad m\u00e1s profunda y siguen creciendo en Cristo.<\/p>\n\n\n\n<div style=\"height:37px\" aria-hidden=\"true\" class=\"wp-block-spacer\"><\/div>\n\n\n\n<div class=\"wp-block-buttons is-layout-flex wp-block-buttons-is-layout-flex\">\n<div class=\"wp-block-button has-custom-width wp-block-button__width-100\"><a class=\"wp-block-button__link has-white-color has-pale-ocean-gradient-background has-text-color has-background has-link-color wp-element-button\"><strong>Ministerio de J\u00f3venes<\/strong><\/a><\/div>\n<\/div>\n\n\n\n<div style=\"height:46px\" aria-hidden=\"true\" class=\"wp-block-spacer\"><\/div>\n\n\n<div class=\"wp-block-image is-style-rounded\">\n<figure class=\"aligncenter size-large is-resized\"><img loading=\"lazy\" decoding=\"async\" width=\"1024\" height=\"979\" src=\"https:\/\/icbpalabradevida.org\/wp-content\/uploads\/2026\/02\/WhatsApp-Image-2026-02-28-at-1.41.43-PM-1024x979.jpeg\" alt=\"\" class=\"wp-image-522\" style=\"aspect-ratio:1.0459754460377064;width:427px;height:auto\" srcset=\"https:\/\/icbpalabradevida.org\/wp-content\/uploads\/2026\/02\/WhatsApp-Image-2026-02-28-at-1.41.43-PM-1024x979.jpeg 1024w, https:\/\/icbpalabradevida.org\/wp-content\/uploads\/2026\/02\/WhatsApp-Image-2026-02-28-at-1.41.43-PM-300x287.jpeg 300w, https:\/\/icbpalabradevida.org\/wp-content\/uploads\/2026\/02\/WhatsApp-Image-2026-02-28-at-1.41.43-PM-768x735.jpeg 768w, https:\/\/icbpalabradevida.org\/wp-content\/uploads\/2026\/02\/WhatsApp-Image-2026-02-28-at-1.41.43-PM.jpeg 1242w\" sizes=\"auto, (max-width: 1024px) 100vw, 1024px\" \/><\/figure>\n<\/div>\n\n\n<p>Dios nos ha dado j\u00f3venes inquietos que tiene el deseo de que otros j\u00f3venes amen al Se\u00f1or, por eso tenemos este grupo de j\u00f3venes que juntos aprenden los valores de Cristo para as\u00ed compartirlos y ser luz donde est\u00e1n.<\/p>\n\n\n\n<div style=\"height:39px\" aria-hidden=\"true\" class=\"wp-block-spacer\"><\/div>\n\n\n\n<div class=\"wp-block-buttons is-layout-flex wp-block-buttons-is-layout-flex\">\n<div class=\"wp-block-button has-custom-width wp-block-button__width-100\"><a class=\"wp-block-button__link has-white-color has-pale-ocean-gradient-background has-text-color has-background has-link-color wp-element-button\"><strong>Ministerio de Mujeres<\/strong><\/a><\/div>\n<\/div>\n\n\n\n<div style=\"height:33px\" aria-hidden=\"true\" class=\"wp-block-spacer\"><\/div>\n\n\n<div class=\"wp-block-image is-style-rounded\">\n<figure class=\"aligncenter size-large is-resized\"><img loading=\"lazy\" decoding=\"async\" width=\"1024\" height=\"741\" src=\"https:\/\/icbpalabradevida.org\/wp-content\/uploads\/2026\/02\/WhatsApp-Image-2026-02-28-at-3.01.02-PM-1024x741.jpeg\" alt=\"\" class=\"wp-image-529\" style=\"aspect-ratio:1.3819340907922473;width:667px;height:auto\" srcset=\"https:\/\/icbpalabradevida.org\/wp-content\/uploads\/2026\/02\/WhatsApp-Image-2026-02-28-at-3.01.02-PM-1024x741.jpeg 1024w, https:\/\/icbpalabradevida.org\/wp-content\/uploads\/2026\/02\/WhatsApp-Image-2026-02-28-at-3.01.02-PM-300x217.jpeg 300w, https:\/\/icbpalabradevida.org\/wp-content\/uploads\/2026\/02\/WhatsApp-Image-2026-02-28-at-3.01.02-PM-768x556.jpeg 768w, https:\/\/icbpalabradevida.org\/wp-content\/uploads\/2026\/02\/WhatsApp-Image-2026-02-28-at-3.01.02-PM.jpeg 1080w\" sizes=\"auto, (max-width: 1024px) 100vw, 1024px\" \/><\/figure>\n<\/div>\n\n\n<div style=\"height:40px\" aria-hidden=\"true\" class=\"wp-block-spacer\"><\/div>\n\n\n\n<p>Somos una Iglesia que ama al Se\u00f1or y procura servirle por medio de su iglesia, reconocemos que Dios ha derramado su esp\u00edritu para dar dones a los cristianos (Efesios 4:1-16) con el fin de servirnos mutuamente y dar testimonio al mundo.<\/p>\n\n\n\n<p>El Se\u00f1or ha tra\u00eddo mujeres valiosas, por eso tenemos este grupo de mujeres valientes que comparten el evangelio a otras mujeres y juntas crecen en Cristo por medio de la ense\u00f1anza que glorifique a Dios.<\/p>\n\n\n\n<div class=\"wp-block-buttons is-layout-flex wp-block-buttons-is-layout-flex\">\n<div class=\"wp-block-button has-custom-width wp-block-button__width-100\"><a class=\"wp-block-button__link has-white-color has-pale-ocean-gradient-background has-text-color has-background has-link-color wp-element-button\"><strong>Misiones<\/strong><\/a><\/div>\n<\/div>\n\n\n\n<div style=\"height:36px\" aria-hidden=\"true\" class=\"wp-block-spacer\"><\/div>\n\n\n<div class=\"wp-block-image is-style-rounded\">\n<figure class=\"aligncenter size-large is-resized\"><img loading=\"lazy\" decoding=\"async\" width=\"1024\" height=\"682\" src=\"https:\/\/icbpalabradevida.org\/wp-content\/uploads\/2025\/01\/misiones-1024x682.jpg\" alt=\"\" class=\"wp-image-195\" style=\"width:628px;height:auto\" srcset=\"https:\/\/icbpalabradevida.org\/wp-content\/uploads\/2025\/01\/misiones-1024x682.jpg 1024w, https:\/\/icbpalabradevida.org\/wp-content\/uploads\/2025\/01\/misiones-300x200.jpg 300w, https:\/\/icbpalabradevida.org\/wp-content\/uploads\/2025\/01\/misiones-768x512.jpg 768w, https:\/\/icbpalabradevida.org\/wp-content\/uploads\/2025\/01\/misiones.jpg 1280w\" sizes=\"auto, (max-width: 1024px) 100vw, 1024px\" \/><\/figure>\n<\/div>\n\n\n<p>El Se\u00f1or nos ha permitido compartir el evangelio en otras poblaciones con San Jos\u00e9 de Gracia, Jalostotitl\u00e1n y San Juan. Tenemos una familia que apoyamos desde hace varios a\u00f1os que est\u00e1n formando una Iglesia que Glorifique a Dios, esta familia est\u00e1 encabezada por Beto su esposa Chela y sus hijos Betin y Josue.<\/p>\n\n\n\n<div class=\"wp-block-buttons is-layout-flex wp-block-buttons-is-layout-flex\">\n<div class=\"wp-block-button has-custom-width wp-block-button__width-100\"><a class=\"wp-block-button__link has-white-color has-pale-ocean-gradient-background has-text-color has-background has-link-color wp-element-button\"><strong>Matrimonios<\/strong><\/a><\/div>\n<\/div>\n\n\n\n<p><\/p>\n\n\n\n<p><\/p>\n\n\n\n<div class=\"wp-block-buttons is-layout-flex wp-block-buttons-is-layout-flex\">\n<div class=\"wp-block-button has-custom-width wp-block-button__width-100\"><a class=\"wp-block-button__link has-white-color has-pale-ocean-gradient-background has-text-color has-background has-link-color wp-element-button\"><strong>Centro de Educaci\u00f3n Palabra de Vida<\/strong><\/a><\/div>\n<\/div>\n\n\n\n<div style=\"height:59px\" aria-hidden=\"true\" class=\"wp-block-spacer\"><\/div>\n\n\n<div class=\"wp-block-image is-style-rounded\">\n<figure class=\"aligncenter size-large is-resized\"><img loading=\"lazy\" decoding=\"async\" width=\"1024\" height=\"610\" src=\"https:\/\/icbpalabradevida.org\/wp-content\/uploads\/2025\/01\/centroestudios-1024x610.jpg\" alt=\"\" class=\"wp-image-198\" style=\"width:569px;height:auto\" srcset=\"https:\/\/icbpalabradevida.org\/wp-content\/uploads\/2025\/01\/centroestudios-1024x610.jpg 1024w, https:\/\/icbpalabradevida.org\/wp-content\/uploads\/2025\/01\/centroestudios-300x179.jpg 300w, https:\/\/icbpalabradevida.org\/wp-content\/uploads\/2025\/01\/centroestudios-768x457.jpg 768w, https:\/\/icbpalabradevida.org\/wp-content\/uploads\/2025\/01\/centroestudios.jpg 1080w\" sizes=\"auto, (max-width: 1024px) 100vw, 1024px\" \/><\/figure>\n<\/div>\n\n\n<p>Dios nos ha puesto la carga de educar a nuestros hijos, por eso hemos formado un peque\u00f1o centro de educaci\u00f3n de primaria y secundaria con el fin de que nuestros ni\u00f1os crezcan con los valores cristianos y puedan ser hombres y mujeres de bien que impacten a nuestra sociedad.<br><\/p>\n\n\n\n<p><\/p>\n","protected":false},"excerpt":{"rendered":"<p><a class=\"wp-block-button__link has-white-color has-pale-ocean-gradient-background has-text-color has-background has-link-color wp-element-button\">Adoraci\u00f3n<\/a><\/p>\n<p>Somos una iglesia que adora al Se\u00f1or en esp\u00edritu y verdad, animamos a vivir en adoraci\u00f3n al Se\u00f1or en todas las \u00e1reas de &#8230;<\/p>\n","protected":false},"author":2,"featured_media":0,"parent":0,"menu_order":0,"comment_status":"closed","ping_status":"closed","template":"fullwidth.php","meta":{"_monsterinsights_skip_tracking":false,"_monsterinsights_sitenote_active":false,"_monsterinsights_sitenote_note":"","_monsterinsights_sitenote_category":0,"footnotes":""},"class_list":["post-57","page","type-page","status-publish","hentry"],"_links":{"self":[{"href":"https:\/\/icbpalabradevida.org\/index.php?rest_route=\/wp\/v2\/pages\/57","targetHints":{"allow":["GET"]}}],"collection":[{"href":"https:\/\/icbpalabradevida.org\/index.php?rest_route=\/wp\/v2\/pages"}],"about":[{"href":"https:\/\/icbpalabradevida.org\/index.php?rest_route=\/wp\/v2\/types\/page"}],"author":[{"embeddable":true,"href":"https:\/\/icbpalabradevida.org\/index.php?rest_route=\/wp\/v2\/users\/2"}],"replies":[{"embeddable":true,"href":"https:\/\/icbpalabradevida.org\/index.php?rest_route=%2Fwp%2Fv2%2Fcomments&post=57"}],"version-history":[{"count":5,"href":"https:\/\/icbpalabradevida.org\/index.php?rest_route=\/wp\/v2\/pages\/57\/revisions"}],"predecessor-version":[{"id":532,"href":"https:\/\/icbpalabradevida.org\/index.php?rest_route=\/wp\/v2\/pages\/57\/revisions\/532"}],"wp:attachment":[{"href":"https:\/\/icbpalabradevida.org\/index.php?rest_route=%2Fwp%2Fv2%2Fmedia&parent=57"}],"curies":[{"name":"wp","href":"https:\/\/api.w.org\/{rel}","templated":true}]}}

<div class="wp-block-buttons is-layout-flex wp-block-buttons-is-layout-flex">
<div class="wp-block-button has-custom-width wp-block-button__width-100 is-style-outline is-style-outline--1"><a class="wp-block-button__link has-white-color has-pale-ocean-gradient-background has-text-color has-background has-link-color wp-element-button"><strong>Adoración</strong></a></div>
</div>


<div class="wp-block-image is-style-rounded">
<figure class="aligncenter size-large is-resized"><img loading="lazy" decoding="async" width="1024" height="683" src="https://icbpalabradevida.org/wp-content/uploads/2025/01/alabanza-1024x683.jpg" alt="" class="wp-image-220" style="width:445px;height:auto" srcset="https://icbpalabradevida.org/wp-content/uploads/2025/01/alabanza-1024x683.jpg 1024w, https://icbpalabradevida.org/wp-content/uploads/2025/01/alabanza-300x200.jpg 300w, https://icbpalabradevida.org/wp-content/uploads/2025/01/alabanza-768x512.jpg 768w, https://icbpalabradevida.org/wp-content/uploads/2025/01/alabanza-1536x1024.jpg 1536w, https://icbpalabradevida.org/wp-content/uploads/2025/01/alabanza.jpg 1620w" sizes="auto, (max-width: 1024px) 100vw, 1024px" /></figure>
</div>


<p>Somos una iglesia que adora al Señor en espíritu y verdad, animamos a vivir en adoración al Señor en todas las áreas de nuestras vidas.</p>



<div style="height:50px" aria-hidden="true" class="wp-block-spacer"></div>



<div class="wp-block-buttons is-layout-flex wp-block-buttons-is-layout-flex">
<div class="wp-block-button has-custom-width wp-block-button__width-100"><a class="wp-block-button__link has-white-color has-pale-ocean-gradient-background has-text-color has-background has-link-color wp-element-button"><strong>Ministerio de Educación</strong></a></div>
</div>



<p>&nbsp;</p>


<div class="wp-block-image is-style-rounded">
<figure class="aligncenter size-large is-resized"><img loading="lazy" decoding="async" width="1024" height="682" src="https://icbpalabradevida.org/wp-content/uploads/2026/02/WhatsApp-Image-2026-02-28-at-1.33.52-PM-1024x682.jpeg" alt="" class="wp-image-519" style="aspect-ratio:1.5015030714939224;width:620px;height:auto" srcset="https://icbpalabradevida.org/wp-content/uploads/2026/02/WhatsApp-Image-2026-02-28-at-1.33.52-PM-1024x682.jpeg 1024w, https://icbpalabradevida.org/wp-content/uploads/2026/02/WhatsApp-Image-2026-02-28-at-1.33.52-PM-300x200.jpeg 300w, https://icbpalabradevida.org/wp-content/uploads/2026/02/WhatsApp-Image-2026-02-28-at-1.33.52-PM-768x512.jpeg 768w, https://icbpalabradevida.org/wp-content/uploads/2026/02/WhatsApp-Image-2026-02-28-at-1.33.52-PM.jpeg 1280w" sizes="auto, (max-width: 1024px) 100vw, 1024px" /></figure>
</div>


<p>El Señor nos ha permitido tener un gran tiempo para enseñar su palabra, los domingos a las 11:00am tenemos el momento para discipular.</p>



<div style="height:51px" aria-hidden="true" class="wp-block-spacer"></div>



<div class="wp-block-buttons is-horizontal is-layout-flex wp-block-buttons-is-layout-flex">
<div class="wp-block-button has-custom-width wp-block-button__width-100 is-style-fill"><a class="wp-block-button__link has-white-color has-pale-ocean-gradient-background has-text-color has-background has-link-color wp-element-button"><strong>Ministerio en Casas o Células</strong></a></div>
</div>



<p>El Señor ha tocado corazones para que algunas familias abran sus hogares ahí se comparte el evangelio, hay amistad más profunda y siguen creciendo en Cristo.</p>



<div style="height:37px" aria-hidden="true" class="wp-block-spacer"></div>



<div class="wp-block-buttons is-layout-flex wp-block-buttons-is-layout-flex">
<div class="wp-block-button has-custom-width wp-block-button__width-100"><a class="wp-block-button__link has-white-color has-pale-ocean-gradient-background has-text-color has-background has-link-color wp-element-button"><strong>Ministerio de Jóvenes</strong></a></div>
</div>



<div style="height:46px" aria-hidden="true" class="wp-block-spacer"></div>


<div class="wp-block-image is-style-rounded">
<figure class="aligncenter size-large is-resized"><img loading="lazy" decoding="async" width="1024" height="979" src="https://icbpalabradevida.org/wp-content/uploads/2026/02/WhatsApp-Image-2026-02-28-at-1.41.43-PM-1024x979.jpeg" alt="" class="wp-image-522" style="aspect-ratio:1.0459754460377064;width:427px;height:auto" srcset="https://icbpalabradevida.org/wp-content/uploads/2026/02/WhatsApp-Image-2026-02-28-at-1.41.43-PM-1024x979.jpeg 1024w, https://icbpalabradevida.org/wp-content/uploads/2026/02/WhatsApp-Image-2026-02-28-at-1.41.43-PM-300x287.jpeg 300w, https://icbpalabradevida.org/wp-content/uploads/2026/02/WhatsApp-Image-2026-02-28-at-1.41.43-PM-768x735.jpeg 768w, https://icbpalabradevida.org/wp-content/uploads/2026/02/WhatsApp-Image-2026-02-28-at-1.41.43-PM.jpeg 1242w" sizes="auto, (max-width: 1024px) 100vw, 1024px" /></figure>
</div>


<p>Dios nos ha dado jóvenes inquietos que tiene el deseo de que otros jóvenes amen al Señor, por eso tenemos este grupo de jóvenes que juntos aprenden los valores de Cristo para así compartirlos y ser luz donde están.</p>



<div style="height:39px" aria-hidden="true" class="wp-block-spacer"></div>



<div class="wp-block-buttons is-layout-flex wp-block-buttons-is-layout-flex">
<div class="wp-block-button has-custom-width wp-block-button__width-100"><a class="wp-block-button__link has-white-color has-pale-ocean-gradient-background has-text-color has-background has-link-color wp-element-button"><strong>Ministerio de Mujeres</strong></a></div>
</div>



<div style="height:33px" aria-hidden="true" class="wp-block-spacer"></div>


<div class="wp-block-image is-style-rounded">
<figure class="aligncenter size-large is-resized"><img loading="lazy" decoding="async" width="1024" height="741" src="https://icbpalabradevida.org/wp-content/uploads/2026/02/WhatsApp-Image-2026-02-28-at-3.01.02-PM-1024x741.jpeg" alt="" class="wp-image-529" style="aspect-ratio:1.3819340907922473;width:667px;height:auto" srcset="https://icbpalabradevida.org/wp-content/uploads/2026/02/WhatsApp-Image-2026-02-28-at-3.01.02-PM-1024x741.jpeg 1024w, https://icbpalabradevida.org/wp-content/uploads/2026/02/WhatsApp-Image-2026-02-28-at-3.01.02-PM-300x217.jpeg 300w, https://icbpalabradevida.org/wp-content/uploads/2026/02/WhatsApp-Image-2026-02-28-at-3.01.02-PM-768x556.jpeg 768w, https://icbpalabradevida.org/wp-content/uploads/2026/02/WhatsApp-Image-2026-02-28-at-3.01.02-PM.jpeg 1080w" sizes="auto, (max-width: 1024px) 100vw, 1024px" /></figure>
</div>


<div style="height:40px" aria-hidden="true" class="wp-block-spacer"></div>



<p>Somos una Iglesia que ama al Señor y procura servirle por medio de su iglesia, reconocemos que Dios ha derramado su espíritu para dar dones a los cristianos (Efesios 4:1-16) con el fin de servirnos mutuamente y dar testimonio al mundo.</p>



<p>El Señor ha traído mujeres valiosas, por eso tenemos este grupo de mujeres valientes que comparten el evangelio a otras mujeres y juntas crecen en Cristo por medio de la enseñanza que glorifique a Dios.</p>



<div class="wp-block-buttons is-layout-flex wp-block-buttons-is-layout-flex">
<div class="wp-block-button has-custom-width wp-block-button__width-100"><a class="wp-block-button__link has-white-color has-pale-ocean-gradient-background has-text-color has-background has-link-color wp-element-button"><strong>Misiones</strong></a></div>
</div>



<div style="height:36px" aria-hidden="true" class="wp-block-spacer"></div>


<div class="wp-block-image is-style-rounded">
<figure class="aligncenter size-large is-resized"><img loading="lazy" decoding="async" width="1024" height="682" src="https://icbpalabradevida.org/wp-content/uploads/2025/01/misiones-1024x682.jpg" alt="" class="wp-image-195" style="width:628px;height:auto" srcset="https://icbpalabradevida.org/wp-content/uploads/2025/01/misiones-1024x682.jpg 1024w, https://icbpalabradevida.org/wp-content/uploads/2025/01/misiones-300x200.jpg 300w, https://icbpalabradevida.org/wp-content/uploads/2025/01/misiones-768x512.jpg 768w, https://icbpalabradevida.org/wp-content/uploads/2025/01/misiones.jpg 1280w" sizes="auto, (max-width: 1024px) 100vw, 1024px" /></figure>
</div>


<p>El Señor nos ha permitido compartir el evangelio en otras poblaciones con San José de Gracia, Jalostotitlán y San Juan. Tenemos una familia que apoyamos desde hace varios años que están formando una Iglesia que Glorifique a Dios, esta familia está encabezada por Beto su esposa Chela y sus hijos Betin y Josue.</p>



<div class="wp-block-buttons is-layout-flex wp-block-buttons-is-layout-flex">
<div class="wp-block-button has-custom-width wp-block-button__width-100"><a class="wp-block-button__link has-white-color has-pale-ocean-gradient-background has-text-color has-background has-link-color wp-element-button"><strong>Matrimonios</strong></a></div>
</div>



<p></p>



<p></p>



<div class="wp-block-buttons is-layout-flex wp-block-buttons-is-layout-flex">
<div class="wp-block-button has-custom-width wp-block-button__width-100"><a class="wp-block-button__link has-white-color has-pale-ocean-gradient-background has-text-color has-background has-link-color wp-element-button"><strong>Centro de Educación Palabra de Vida</strong></a></div>
</div>



<div style="height:59px" aria-hidden="true" class="wp-block-spacer"></div>


<div class="wp-block-image is-style-rounded">
<figure class="aligncenter size-large is-resized"><img loading="lazy" decoding="async" width="1024" height="610" src="https://icbpalabradevida.org/wp-content/uploads/2025/01/centroestudios-1024x610.jpg" alt="" class="wp-image-198" style="width:569px;height:auto" srcset="https://icbpalabradevida.org/wp-content/uploads/2025/01/centroestudios-1024x610.jpg 1024w, https://icbpalabradevida.org/wp-content/uploads/2025/01/centroestudios-300x179.jpg 300w, https://icbpalabradevida.org/wp-content/uploads/2025/01/centroestudios-768x457.jpg 768w, https://icbpalabradevida.org/wp-content/uploads/2025/01/centroestudios.jpg 1080w" sizes="auto, (max-width: 1024px) 100vw, 1024px" /></figure>
</div>


<p>Dios nos ha puesto la carga de educar a nuestros hijos, por eso hemos formado un pequeño centro de educación de primaria y secundaria con el fin de que nuestros niños crezcan con los valores cristianos y puedan ser hombres y mujeres de bien que impacten a nuestra sociedad.<br></p>



<p></p>

<p><a class="wp-block-button__link has-white-color has-pale-ocean-gradient-background has-text-color has-background has-link-color wp-element-button">Adoración</a></p>
<p>Somos una iglesia que adora al Señor en espíritu y verdad, animamos a vivir en adoración al Señor en todas las áreas de &#8230;</p>
